{"id":1186,"date":"2023-09-08T09:38:54","date_gmt":"2023-09-08T07:38:54","guid":{"rendered":"https:\/\/solgastrobar.com\/?page_id=1186"},"modified":"2023-09-12T17:39:45","modified_gmt":"2023-09-12T15:39:45","slug":"declaracion-de-accesbilidad","status":"publish","type":"page","link":"https:\/\/solgastrobar.com\/es\/declaracion-de-accesbilidad\/","title":{"rendered":"Declaraci\u00f3n de accesibilidad"},"content":{"rendered":"<p>Online Vall\u00e9s se ha comprometido a hacer accesible su sitio web, conforme al Real Decreto 1112\/2018, de 7 de septiembre, sobre accesibilidad de los sitios web y aplicaciones para dispositivos m\u00f3viles del sector p\u00fablico.<\/p>\n\n\n\n<p>Esta declaraci\u00f3n de accesibilidad se aplica a esta web.<\/p>\n\n\n\n<h2 class=\"wp-block-heading\">Situaci\u00f3n de cumplimiento<\/h2>\n\n\n\n<p>Este sitio web est\u00e1 desarrollado seg\u00fan el RD 1112\/2018<\/p>\n\n\n\n<h2 class=\"wp-block-heading\">Preparaci\u00f3n para la siguiente declaraci\u00f3n de accesibilidad<\/h2>\n\n\n\n<p>Esta declaraci\u00f3n fue preparada el 20 de abril de 2023.<\/p>\n\n\n\n<p>El m\u00e9todo empleado para preparar la declaraci\u00f3n ha sido una autoevaluaci\u00f3n.<\/p>\n\n\n\n<h2 class=\"wp-block-heading\">Observaciones y datos de contacto<\/h2>\n\n\n\n<p>Puede realizar comunicaciones sobre requisitos de accesibilidad (art\u00edculo 10.2.a del RD 1112\/2018) como:<\/p>\n\n\n\n<ul class=\"wp-block-list\">\n<li>Informar sobre cualquier posible incumplimiento por parte de este sitio web<\/li>\n\n\n\n<li>Transmitir otras dificultades de acceso al contenido<\/li>\n\n\n\n<li>Formular cualquier otra consulta o sugerencia de mejora relativa a la accesibilidad del sitio web a trav\u00e9s del formulario de contacto de este sitio web oa trav\u00e9s del n\u00famero de tel\u00e9fono&nbsp;<\/li>\n<\/ul>\n\n\n\n<p>Puede presentar:<\/p>\n\n\n\n<ul class=\"wp-block-list\">\n<li>Queja relativa al cumplimiento de los requisitos del RD 1112\/2018<\/li>\n\n\n\n<li>Solicitud de informaci\u00f3n accesible relativa a:\n<ul class=\"wp-block-list\">\n<li>Contenidos que est\u00e1n excluidos del \u00e1mbito de aplicaci\u00f3n del RD 1112\/2018 seg\u00fan lo que establece el art\u00edculo 3, apartado 4<\/li>\n\n\n\n<li>Contenidos que est\u00e1n exentos del cumplimiento de los requisitos de accesibilidad para imponer una carga desproporcionada<\/li>\n\n\n\n<li>En la Solicitud de informaci\u00f3n accesible, deben concretarse, con toda claridad, los hechos, las razones y la petici\u00f3n que permitan constatar que se trata de una solicitud razonable y leg\u00edtima.<\/li>\n<\/ul>\n<\/li>\n<\/ul>\n\n\n\n<p>Las quejas y reclamaciones sobre informaci\u00f3n accesible se realizar\u00e1n a trav\u00e9s de la sede electr\u00f3nica (https:\/\/sede.red.gob.es\/procedimientos\/quejas-y-sugerencias), y ser\u00e1n recibidas y tratadas por el \u00e1rea de Sistemas de la Informaci\u00f3n de Red.es.<\/p>\n\n\n\n<h2 class=\"wp-block-heading\">Contenido opcional<\/h2>\n\n\n\n<ul class=\"wp-block-list\">\n<li>Si desea cambiar el tama\u00f1o de letra del texto en los principales navegadores gr\u00e1ficos utilice los siguientes men\u00fas:<\/li>\n\n\n\n<li>Safari: Ver &gt; Hacer el texto m\u00e1s grande<\/li>\n\n\n\n<li>Chrome: Controla la p\u00e1gina actual &gt; Tama\u00f1o del texto<\/li>\n<\/ul>\n\n\n\n<p>Para modificar el tama\u00f1o de todo en la p\u00e1gina:<\/p>\n\n\n\n<ul class=\"wp-block-list\">\n<li>Ctrl++ para aumentarlo<\/li>\n\n\n\n<li>Ctrl + \u2013 para disminuirlo<\/li>\n\n\n\n<li>Ctrl + 0 restaura el tama\u00f1o original del texto<\/li>\n\n\n\n<li>Si lo que desea es anular la hoja de estilos o modificar el color del texto, puede consultar la p\u00e1gina How to Change Text Size o Colores de la WAI, que se puede leer traducido al espa\u00f1ol en C\u00f3mo cambiar el tama\u00f1o del texto o colores?<\/li>\n<\/ul>","protected":false},"excerpt":{"rendered":"<p>Online Vall\u00e9s se ha comprometido a hacer accesible su sitio web, conforme al Real Decreto 1112\/2018, de 7 de septiembre, sobre accesibilidad de los sitios web y aplicaciones para dispositivos m\u00f3viles del sector p\u00fablico. Esta declaraci\u00f3n de accesibilidad se aplica a esta web. Situaci\u00f3n de cumplimiento Este sitio web est\u00e1 desarrollado seg\u00fan el RD 1112\/2018 Preparaci\u00f3n\u2026<\/p>","protected":false},"author":1,"featured_media":0,"parent":0,"menu_order":7,"comment_status":"closed","ping_status":"closed","template":"","meta":{"_acf_changed":false,"_kad_blocks_custom_css":"","_kad_blocks_head_custom_js":"","_kad_blocks_body_custom_js":"","_kad_blocks_footer_custom_js":"","_kadence_starter_templates_imported_post":false,"_kad_post_transparent":"","_kad_post_title":"","_kad_post_layout":"narrow","_kad_post_sidebar_id":"","_kad_post_content_style":"unboxed","_kad_post_vertical_padding":"","_kad_post_feature":"","_kad_post_feature_position":"","_kad_post_header":false,"_kad_post_footer":false,"_kad_post_classname":"","footnotes":""},"class_list":["post-1186","page","type-page","status-publish","hentry"],"acf":[],"yoast_head":"<!-- This site is optimized with the Yoast SEO plugin v26.3 - https:\/\/yoast.com\/wordpress\/plugins\/seo\/ -->\n<title>Declaraci\u00f3 d&#039;accesbilitat - Sol Gastrobar<\/title>\n<meta name=\"robots\" content=\"index, follow, max-snippet:-1, max-image-preview:large, max-video-preview:-1\" \/>\n<link rel=\"canonical\" href=\"https:\/\/solgastrobar.com\/es\/declaracion-de-accesbilidad\/\" \/>\n<meta property=\"og:locale\" content=\"es_ES\" \/>\n<meta property=\"og:type\" content=\"article\" \/>\n<meta property=\"og:title\" content=\"Declaraci\u00f3 d&#039;accesbilitat - Sol Gastrobar\" \/>\n<meta property=\"og:description\" content=\"Online Vall\u00e9s&nbsp;s\u2019ha comprom\u00e8s a fer accessible el seu lloc web, de conformitat amb el Reial decret 1112\/2018, de 7 de setembre, sobre accessibilitat dels llocs web i aplicacions per a dispositius m\u00f2bils del sector p\u00fablic. Aquesta declaraci\u00f3 d\u02bbaccessibilitat s\u02bbaplica a aquesta web. Situaci\u00f3 de compliment Aquest lloc web est\u00e0 desenvolupat segons el RD 1112\/2018 Preparaci\u00f3...\" \/>\n<meta property=\"og:url\" content=\"https:\/\/solgastrobar.com\/es\/declaracion-de-accesbilidad\/\" \/>\n<meta property=\"og:site_name\" content=\"Sol Gastrobar\" \/>\n<meta property=\"article:modified_time\" content=\"2023-09-12T15:39:45+00:00\" \/>\n<meta name=\"twitter:card\" content=\"summary_large_image\" \/>\n<meta name=\"twitter:label1\" content=\"Tiempo de lectura\" \/>\n\t<meta name=\"twitter:data1\" content=\"2 minutos\" \/>\n<script type=\"application\/ld+json\" class=\"yoast-schema-graph\">{\"@context\":\"https:\/\/schema.org\",\"@graph\":[{\"@type\":\"WebPage\",\"@id\":\"https:\/\/solgastrobar.com\/es\/declaracion-de-accesbilidad\/\",\"url\":\"https:\/\/solgastrobar.com\/es\/declaracion-de-accesbilidad\/\",\"name\":\"Declaraci\u00f3 d'accesbilitat - Sol Gastrobar\",\"isPartOf\":{\"@id\":\"https:\/\/solgastrobar.com\/#website\"},\"datePublished\":\"2023-09-08T07:38:54+00:00\",\"dateModified\":\"2023-09-12T15:39:45+00:00\",\"breadcrumb\":{\"@id\":\"https:\/\/solgastrobar.com\/es\/declaracion-de-accesbilidad\/#breadcrumb\"},\"inLanguage\":\"es\",\"potentialAction\":[{\"@type\":\"ReadAction\",\"target\":[\"https:\/\/solgastrobar.com\/es\/declaracion-de-accesbilidad\/\"]}]},{\"@type\":\"BreadcrumbList\",\"@id\":\"https:\/\/solgastrobar.com\/es\/declaracion-de-accesbilidad\/#breadcrumb\",\"itemListElement\":[{\"@type\":\"ListItem\",\"position\":1,\"name\":\"Inici\",\"item\":\"https:\/\/solgastrobar.com\/\"},{\"@type\":\"ListItem\",\"position\":2,\"name\":\"Declaraci\u00f3 d&#8217;accesbilitat\"}]},{\"@type\":\"WebSite\",\"@id\":\"https:\/\/solgastrobar.com\/#website\",\"url\":\"https:\/\/solgastrobar.com\/\",\"name\":\"Sol Gastrobar\",\"description\":\"Explora la gastronomia \u00fanica al restaurant Sol Gastrobar\",\"publisher\":{\"@id\":\"https:\/\/solgastrobar.com\/#organization\"},\"potentialAction\":[{\"@type\":\"SearchAction\",\"target\":{\"@type\":\"EntryPoint\",\"urlTemplate\":\"https:\/\/solgastrobar.com\/?s={search_term_string}\"},\"query-input\":{\"@type\":\"PropertyValueSpecification\",\"valueRequired\":true,\"valueName\":\"search_term_string\"}}],\"inLanguage\":\"es\"},{\"@type\":\"Organization\",\"@id\":\"https:\/\/solgastrobar.com\/#organization\",\"name\":\"Sol Gastrobar\",\"url\":\"https:\/\/solgastrobar.com\/\",\"logo\":{\"@type\":\"ImageObject\",\"inLanguage\":\"es\",\"@id\":\"https:\/\/solgastrobar.com\/#\/schema\/logo\/image\/\",\"url\":\"https:\/\/solgastrobar.com\/wp-content\/uploads\/2023\/09\/logo-white.png\",\"contentUrl\":\"https:\/\/solgastrobar.com\/wp-content\/uploads\/2023\/09\/logo-white.png\",\"width\":487,\"height\":712,\"caption\":\"Sol Gastrobar\"},\"image\":{\"@id\":\"https:\/\/solgastrobar.com\/#\/schema\/logo\/image\/\"}}]}<\/script>\n<!-- \/ Yoast SEO plugin. -->","yoast_head_json":{"title":"Declaraci\u00f3 d'accesbilitat - Sol Gastrobar","robots":{"index":"index","follow":"follow","max-snippet":"max-snippet:-1","max-image-preview":"max-image-preview:large","max-video-preview":"max-video-preview:-1"},"canonical":"https:\/\/solgastrobar.com\/es\/declaracion-de-accesbilidad\/","og_locale":"es_ES","og_type":"article","og_title":"Declaraci\u00f3 d'accesbilitat - Sol Gastrobar","og_description":"Online Vall\u00e9s&nbsp;s\u2019ha comprom\u00e8s a fer accessible el seu lloc web, de conformitat amb el Reial decret 1112\/2018, de 7 de setembre, sobre accessibilitat dels llocs web i aplicacions per a dispositius m\u00f2bils del sector p\u00fablic. Aquesta declaraci\u00f3 d\u02bbaccessibilitat s\u02bbaplica a aquesta web. Situaci\u00f3 de compliment Aquest lloc web est\u00e0 desenvolupat segons el RD 1112\/2018 Preparaci\u00f3...","og_url":"https:\/\/solgastrobar.com\/es\/declaracion-de-accesbilidad\/","og_site_name":"Sol Gastrobar","article_modified_time":"2023-09-12T15:39:45+00:00","twitter_card":"summary_large_image","twitter_misc":{"Tiempo de lectura":"2 minutos"},"schema":{"@context":"https:\/\/schema.org","@graph":[{"@type":"WebPage","@id":"https:\/\/solgastrobar.com\/es\/declaracion-de-accesbilidad\/","url":"https:\/\/solgastrobar.com\/es\/declaracion-de-accesbilidad\/","name":"Declaraci\u00f3 d'accesbilitat - Sol Gastrobar","isPartOf":{"@id":"https:\/\/solgastrobar.com\/#website"},"datePublished":"2023-09-08T07:38:54+00:00","dateModified":"2023-09-12T15:39:45+00:00","breadcrumb":{"@id":"https:\/\/solgastrobar.com\/es\/declaracion-de-accesbilidad\/#breadcrumb"},"inLanguage":"es","potentialAction":[{"@type":"ReadAction","target":["https:\/\/solgastrobar.com\/es\/declaracion-de-accesbilidad\/"]}]},{"@type":"BreadcrumbList","@id":"https:\/\/solgastrobar.com\/es\/declaracion-de-accesbilidad\/#breadcrumb","itemListElement":[{"@type":"ListItem","position":1,"name":"Inici","item":"https:\/\/solgastrobar.com\/"},{"@type":"ListItem","position":2,"name":"Declaraci\u00f3 d&#8217;accesbilitat"}]},{"@type":"WebSite","@id":"https:\/\/solgastrobar.com\/#website","url":"https:\/\/solgastrobar.com\/","name":"Sol Gastrobar","description":"Explora la gastronom\u00eda \u00fanica en el restaurante Sol Gastrobar","publisher":{"@id":"https:\/\/solgastrobar.com\/#organization"},"potentialAction":[{"@type":"SearchAction","target":{"@type":"EntryPoint","urlTemplate":"https:\/\/solgastrobar.com\/?s={search_term_string}"},"query-input":{"@type":"PropertyValueSpecification","valueRequired":true,"valueName":"search_term_string"}}],"inLanguage":"es"},{"@type":"Organization","@id":"https:\/\/solgastrobar.com\/#organization","name":"Sol Gastrobar","url":"https:\/\/solgastrobar.com\/","logo":{"@type":"ImageObject","inLanguage":"es","@id":"https:\/\/solgastrobar.com\/#\/schema\/logo\/image\/","url":"https:\/\/solgastrobar.com\/wp-content\/uploads\/2023\/09\/logo-white.png","contentUrl":"https:\/\/solgastrobar.com\/wp-content\/uploads\/2023\/09\/logo-white.png","width":487,"height":712,"caption":"Sol Gastrobar"},"image":{"@id":"https:\/\/solgastrobar.com\/#\/schema\/logo\/image\/"}}]}},"taxonomy_info":[],"featured_image_src_large":false,"author_info":{"display_name":"eloi","author_link":"https:\/\/solgastrobar.com\/es\/author\/eloi\/"},"comment_info":0,"_links":{"self":[{"href":"https:\/\/solgastrobar.com\/es\/wp-json\/wp\/v2\/pages\/1186","targetHints":{"allow":["GET"]}}],"collection":[{"href":"https:\/\/solgastrobar.com\/es\/wp-json\/wp\/v2\/pages"}],"about":[{"href":"https:\/\/solgastrobar.com\/es\/wp-json\/wp\/v2\/types\/page"}],"author":[{"embeddable":true,"href":"https:\/\/solgastrobar.com\/es\/wp-json\/wp\/v2\/users\/1"}],"replies":[{"embeddable":true,"href":"https:\/\/solgastrobar.com\/es\/wp-json\/wp\/v2\/comments?post=1186"}],"version-history":[{"count":0,"href":"https:\/\/solgastrobar.com\/es\/wp-json\/wp\/v2\/pages\/1186\/revisions"}],"wp:attachment":[{"href":"https:\/\/solgastrobar.com\/es\/wp-json\/wp\/v2\/media?parent=1186"}],"curies":[{"name":"wp","href":"https:\/\/api.w.org\/{rel}","templated":true}]}}

Declaración de accesibilidad

<p>Online Vallés se ha comprometido a hacer accesible su sitio web, conforme al Real Decreto 1112/2018, de 7 de septiembre, sobre accesibilidad de los sitios web y aplicaciones para dispositivos móviles del sector público.</p>



<p>Esta declaración de accesibilidad se aplica a esta web.</p>



<h2 class="wp-block-heading">Situación de cumplimiento</h2>



<p>Este sitio web está desarrollado según el RD 1112/2018</p>



<h2 class="wp-block-heading">Preparación para la siguiente declaración de accesibilidad</h2>



<p>Esta declaración fue preparada el 20 de abril de 2023.</p>



<p>El método empleado para preparar la declaración ha sido una autoevaluación.</p>



<h2 class="wp-block-heading">Observaciones y datos de contacto</h2>



<p>Puede realizar comunicaciones sobre requisitos de accesibilidad (artículo 10.2.a del RD 1112/2018) como:</p>



<ul class="wp-block-list">
<li>Informar sobre cualquier posible incumplimiento por parte de este sitio web</li>



<li>Transmitir otras dificultades de acceso al contenido</li>



<li>Formular cualquier otra consulta o sugerencia de mejora relativa a la accesibilidad del sitio web a través del formulario de contacto de este sitio web oa través del número de teléfono&nbsp;</li>
</ul>



<p>Puede presentar:</p>



<ul class="wp-block-list">
<li>Queja relativa al cumplimiento de los requisitos del RD 1112/2018</li>



<li>Solicitud de información accesible relativa a:
<ul class="wp-block-list">
<li>Contenidos que están excluidos del ámbito de aplicación del RD 1112/2018 según lo que establece el artículo 3, apartado 4</li>



<li>Contenidos que están exentos del cumplimiento de los requisitos de accesibilidad para imponer una carga desproporcionada</li>



<li>En la Solicitud de información accesible, deben concretarse, con toda claridad, los hechos, las razones y la petición que permitan constatar que se trata de una solicitud razonable y legítima.</li>
</ul>
</li>
</ul>



<p>Las quejas y reclamaciones sobre información accesible se realizarán a través de la sede electrónica (https://sede.red.gob.es/procedimientos/quejas-y-sugerencias), y serán recibidas y tratadas por el área de Sistemas de la Información de Red.es.</p>



<h2 class="wp-block-heading">Contenido opcional</h2>



<ul class="wp-block-list">
<li>Si desea cambiar el tamaño de letra del texto en los principales navegadores gráficos utilice los siguientes menús:</li>



<li>Safari: Ver &gt; Hacer el texto más grande</li>



<li>Chrome: Controla la página actual &gt; Tamaño del texto</li>
</ul>



<p>Para modificar el tamaño de todo en la página:</p>



<ul class="wp-block-list">
<li>Ctrl++ para aumentarlo</li>



<li>Ctrl + – para disminuirlo</li>



<li>Ctrl + 0 restaura el tamaño original del texto</li>



<li>Si lo que desea es anular la hoja de estilos o modificar el color del texto, puede consultar la página How to Change Text Size o Colores de la WAI, que se puede leer traducido al español en Cómo cambiar el tamaño del texto o colores?</li>
</ul>

<p>Online Vallés se ha comprometido a hacer accesible su sitio web, conforme al Real Decreto 1112/2018, de 7 de septiembre, sobre accesibilidad de los sitios web y aplicaciones para dispositivos móviles del sector público. Esta declaración de accesibilidad se aplica a esta web. Situación de cumplimiento Este sitio web está desarrollado según el RD 1112/2018 Preparación…</p>

<!-- This site is optimized with the Yoast SEO plugin v26.3 - https://yoast.com/wordpress/plugins/seo/ -->
<title>Declaració d&#039;accesbilitat - Sol Gastrobar</title>
<meta name="robots" content="index, follow, max-snippet:-1, max-image-preview:large, max-video-preview:-1" />
<link rel="canonical" href="https://solgastrobar.com/es/declaracion-de-accesbilidad/" />
<meta property="og:locale" content="es_ES" />
<meta property="og:type" content="article" />
<meta property="og:title" content="Declaració d&#039;accesbilitat - Sol Gastrobar" />
<meta property="og:description" content="Online Vallés&nbsp;s’ha compromès a fer accessible el seu lloc web, de conformitat amb el Reial decret 1112/2018, de 7 de setembre, sobre accessibilitat dels llocs web i aplicacions per a dispositius mòbils del sector públic. Aquesta declaració dʻaccessibilitat sʻaplica a aquesta web. Situació de compliment Aquest lloc web està desenvolupat segons el RD 1112/2018 Preparació..." />
<meta property="og:url" content="https://solgastrobar.com/es/declaracion-de-accesbilidad/" />
<meta property="og:site_name" content="Sol Gastrobar" />
<meta property="article:modified_time" content="2023-09-12T15:39:45+00:00" />
<meta name="twitter:card" content="summary_large_image" />
<meta name="twitter:label1" content="Tiempo de lectura" />
	<meta name="twitter:data1" content="2 minutos" />
<script type="application/ld+json" class="yoast-schema-graph">{"@context":"https://schema.org","@graph":[{"@type":"WebPage","@id":"https://solgastrobar.com/es/declaracion-de-accesbilidad/","url":"https://solgastrobar.com/es/declaracion-de-accesbilidad/","name":"Declaració d'accesbilitat - Sol Gastrobar","isPartOf":{"@id":"https://solgastrobar.com/#website"},"datePublished":"2023-09-08T07:38:54+00:00","dateModified":"2023-09-12T15:39:45+00:00","breadcrumb":{"@id":"https://solgastrobar.com/es/declaracion-de-accesbilidad/#breadcrumb"},"inLanguage":"es","potentialAction":[{"@type":"ReadAction","target":["https://solgastrobar.com/es/declaracion-de-accesbilidad/"]}]},{"@type":"BreadcrumbList","@id":"https://solgastrobar.com/es/declaracion-de-accesbilidad/#breadcrumb","itemListElement":[{"@type":"ListItem","position":1,"name":"Inici","item":"https://solgastrobar.com/"},{"@type":"ListItem","position":2,"name":"Declaració d&#8217;accesbilitat"}]},{"@type":"WebSite","@id":"https://solgastrobar.com/#website","url":"https://solgastrobar.com/","name":"Sol Gastrobar","description":"Explora la gastronomia única al restaurant Sol Gastrobar","publisher":{"@id":"https://solgastrobar.com/#organization"},"potentialAction":[{"@type":"SearchAction","target":{"@type":"EntryPoint","urlTemplate":"https://solgastrobar.com/?s={search_term_string}"},"query-input":{"@type":"PropertyValueSpecification","valueRequired":true,"valueName":"search_term_string"}}],"inLanguage":"es"},{"@type":"Organization","@id":"https://solgastrobar.com/#organization","name":"Sol Gastrobar","url":"https://solgastrobar.com/","logo":{"@type":"ImageObject","inLanguage":"es","@id":"https://solgastrobar.com/#/schema/logo/image/","url":"https://solgastrobar.com/wp-content/uploads/2023/09/logo-white.png","contentUrl":"https://solgastrobar.com/wp-content/uploads/2023/09/logo-white.png","width":487,"height":712,"caption":"Sol Gastrobar"},"image":{"@id":"https://solgastrobar.com/#/schema/logo/image/"}}]}</script>
<!-- / Yoast SEO plugin. -->

Declaració d'accesbilitat - Sol Gastrobar

Online Vallés&nbsp;s’ha compromès a fer accessible el seu lloc web, de conformitat amb el Reial decret 1112/2018, de 7 de setembre, sobre accessibilitat dels llocs web i aplicacions per a dispositius mòbils del sector públic. Aquesta declaració dʻaccessibilitat sʻaplica a aquesta web. Situació de compliment Aquest lloc web està desenvolupat segons el RD 1112/2018 Preparació...

Declaració d&#8217;accesbilitat

Explora la gastronomía única en el restaurante Sol Gastrobar
